{"id":37,"date":"2024-08-07T12:47:02","date_gmt":"2024-08-07T12:47:02","guid":{"rendered":"https:\/\/danys.es\/?page_id=37"},"modified":"2024-08-13T17:52:22","modified_gmt":"2024-08-13T17:52:22","slug":"politica-de-confidentialitate","status":"publish","type":"page","link":"https:\/\/danys.es\/?page_id=37","title":{"rendered":"Politic\u0103 de confiden\u021bialitate"},"content":{"rendered":"\n<h2 class=\"wp-block-heading has-primary-color has-text-color has-link-color has-medium-font-size wp-elements-75930ff90634e8b6696629c6a891570e\">Clubul Beaglelor Veseli<\/h2>\n\n\n\n<p class=\"has-small-font-size\"><strong>Bun venit la Clubul Beaglelor Veseli!<\/strong> Aici, confiden\u021bialitatea ta este la fel de important\u0103 pentru noi cum este mirositul pentru un beagle. \u0218tim c\u0103 datele tale sunt valoroase \u0219i promitem s\u0103 le p\u0103str\u0103m \u00een siguran\u021b\u0103 \u0219i departe de orice veveri\u021b\u0103 digital\u0103. Adresa site-ului nostru web este: <a href=\"https:\/\/danys.es\">https:\/\/danys.es<\/a>.<\/p>\n\n\n\n<h2 class=\"wp-block-heading has-medium-font-size\"><strong>1. Ce date colect\u0103m?<\/strong><\/h2>\n\n\n\n<p class=\"has-small-font-size\">Imaginile \u0219i filmele amuzante cu beagle-ul t\u0103u preferat. \u00cen plus, colect\u0103m c\u00e2teva date ne-canine, cum ar fi:<\/p>\n\n\n\n<ul class=\"wp-block-list\">\n<li class=\"has-small-font-size\">Numele t\u0103u (ca s\u0103 \u0219tim cine a c\u00e2\u0219tigat concursul de cel mai amuzant beagle).<\/li>\n\n\n\n<li class=\"has-small-font-size\">Adresa ta de email (promitem s\u0103 nu trimitem spam, doar ve\u0219ti bune \u0219i poze cu beaglei).<\/li>\n\n\n\n<li class=\"has-small-font-size\">Adresa IP (da, \u0219i noi ne prefacem c\u0103 \u00een\u021belegem ce este asta).<\/li>\n<\/ul>\n\n\n\n<h2 class=\"wp-block-heading has-medium-font-size\"><strong>2. Cum folosim datele tale?<\/strong><\/h2>\n\n\n\n<ul class=\"wp-block-list\">\n<li class=\"has-small-font-size\">S\u0103 \u00ee\u021bi trimitem poze \u0219i clipuri cu beaglei care ne fac s\u0103 r\u00e2dem.<\/li>\n\n\n\n<li class=\"has-small-font-size\">S\u0103 te anun\u021b\u0103m c\u00e2nd beagle-ul t\u0103u a devenit vedet\u0103 pe site-ul nostru.<\/li>\n\n\n\n<li class=\"has-small-font-size\">S\u0103 \u00ee\u021bi r\u0103spundem la \u00eentreb\u0103ri, comentarii \u0219i s\u0103 \u00ee\u021bi trimitem mul\u021bumiri pentru c\u0103 iube\u0219ti beagleii la fel de mult ca noi.<\/li>\n<\/ul>\n\n\n\n<p class=\"has-medium-font-size\"><strong class=\"privacy-policy-tutorial\"><\/strong><strong>3. Partaj\u0103m datele tale?<\/strong><\/p>\n\n\n\n<p class=\"has-small-font-size\"><strong class=\"privacy-policy-tutorial\"><\/strong>Doar dac\u0103 un beagle le cer\u0219e\u0219te foarte insistent. Altfel, nu partaj\u0103m datele tale cu nimeni \u00een afara echipei noastre de beaglei devota\u021bi.<\/p>\n\n\n\n<h2 class=\"wp-block-heading has-medium-font-size\"><strong>4. Cum p\u0103str\u0103m datele tale \u00een siguran\u021b\u0103?<\/strong><\/h2>\n\n\n\n<p class=\"has-small-font-size\">Avem un \u00eentreg batalion de beaglei vigilen\u021bi care stau de paz\u0103. \u00cen plus, folosim criptare \u0219i al\u021bi termeni tehnici pe care \u00eei \u00een\u021belegem par\u021bial.<\/p>\n\n\n\n<h2 class=\"wp-block-heading has-medium-font-size\"><strong>5. Cookie-uri<\/strong><\/h2>\n\n\n\n<p class=\"has-small-font-size\">Folosim cookie-uri, dar nu din acelea pe care le ron\u021b\u0103ie beagle-ul t\u0103u. Acestea sunt mici fi\u0219iere pe care le plas\u0103m \u00een browserul t\u0103u pentru a ne asigura c\u0103 experien\u021ba ta pe site este la fel de bun\u0103 ca o plimbare prin parc cu beagle-ul t\u0103u<\/p>\n\n\n\n<h2 class=\"wp-block-heading has-medium-font-size\"><strong>6. Drepturile tale<\/strong><\/h2>\n\n\n\n<p class=\"has-small-font-size\">Po\u021bi oric\u00e2nd s\u0103 ne ceri:<\/p>\n\n\n\n<ul class=\"wp-block-list\">\n<li class=\"has-small-font-size\">S\u0103 \u00ee\u021bi ar\u0103t\u0103m ce date avem despre tine (\u0219i beagle-ul t\u0103u).<\/li>\n\n\n\n<li class=\"has-small-font-size\">S\u0103 corect\u0103m orice gre\u0219eli (nu c\u0103 beagle-ul t\u0103u ar face vreodat\u0103 gre\u0219eli).<\/li>\n\n\n\n<li class=\"has-small-font-size\">S\u0103 \u0219tergem datele tale (dar am prefera s\u0103 r\u0103m\u00e2i prieten cu noi).<\/li>\n<\/ul>\n\n\n\n<h2 class=\"wp-block-heading has-medium-font-size\">7. Contact<\/h2>\n\n\n\n<p class=\"has-small-font-size\">Pentru orice \u00eentreb\u0103ri, sugestii sau poze cu beagle-ul t\u0103u, ne po\u021bi contacta<br>la: <a href=\"mailto:ceitreibeagle@danys.ro\">ceitreibeagle@danys.ro<\/a><\/p>\n\n\n\n<h2 class=\"wp-block-heading has-medium-font-size\">Mul\u021bumim c\u0103 ai ales s\u0103 faci parte din Clubul Beaglelor Veseli! \ud83d\udc3e<\/h2>\n\n\n\n<div class=\"wp-block-group has-global-padding is-layout-constrained wp-block-group-is-layout-constrained\">\n<p class=\"has-medium-font-size\"><strong><em>P.S.: Aceast\u0103 politic\u0103 este la fel de serioas\u0103 ca un beagle cu un os nou.<\/em><\/strong><\/p>\n<\/div>\n","protected":false},"excerpt":{"rendered":"<p>Clubul Beaglelor Veseli Bun venit la Clubul Beaglelor Veseli! Aici, confiden\u021bialitatea ta este la fel de important\u0103 pentru noi cum este mirositul pentru un beagle. \u0218tim c\u0103 datele tale sunt valoroase \u0219i promitem s\u0103 le p\u0103str\u0103m \u00een siguran\u021b\u0103 \u0219i departe de orice veveri\u021b\u0103 digital\u0103. Adresa site-ului nostru web este: https:\/\/danys.es. 1. Ce date colect\u0103m? Imaginile &hellip; <\/p>\n<p class=\"link-more\"><a href=\"https:\/\/danys.es\/?page_id=37\" class=\"more-link\">Cite\u0219te mai multe<span class=\"screen-reader-text\">\u201ePolitic\u0103 de confiden\u021bialitate\u201d<\/span><\/a><\/p>\n","protected":false},"author":1,"featured_media":0,"parent":0,"menu_order":0,"comment_status":"closed","ping_status":"closed","template":"","meta":{"footnotes":""},"class_list":["post-37","page","type-page","status-publish","hentry"],"jetpack_sharing_enabled":true,"_links":{"self":[{"href":"https:\/\/danys.es\/index.php?rest_route=\/wp\/v2\/pages\/37","targetHints":{"allow":["GET"]}}],"collection":[{"href":"https:\/\/danys.es\/index.php?rest_route=\/wp\/v2\/pages"}],"about":[{"href":"https:\/\/danys.es\/index.php?rest_route=\/wp\/v2\/types\/page"}],"author":[{"embeddable":true,"href":"https:\/\/danys.es\/index.php?rest_route=\/wp\/v2\/users\/1"}],"replies":[{"embeddable":true,"href":"https:\/\/danys.es\/index.php?rest_route=%2Fwp%2Fv2%2Fcomments&post=37"}],"version-history":[{"count":11,"href":"https:\/\/danys.es\/index.php?rest_route=\/wp\/v2\/pages\/37\/revisions"}],"predecessor-version":[{"id":226,"href":"https:\/\/danys.es\/index.php?rest_route=\/wp\/v2\/pages\/37\/revisions\/226"}],"wp:attachment":[{"href":"https:\/\/danys.es\/index.php?rest_route=%2Fwp%2Fv2%2Fmedia&parent=37"}],"curies":[{"name":"wp","href":"https:\/\/api.w.org\/{rel}","templated":true}]}}